{"id":1598,"date":"2019-11-29T08:04:17","date_gmt":"2019-11-29T08:04:17","guid":{"rendered":"http:\/\/source.wpopal.com\/quapa\/?page_id=1598"},"modified":"2020-09-08T14:04:54","modified_gmt":"2020-09-08T14:04:54","slug":"contact-us","status":"publish","type":"page","link":"https:\/\/permacerampr.com\/index.php\/contact-us\/","title":{"rendered":"Contact Us"},"content":{"rendered":"\t\t<div data-elementor-type=\"wp-page\" data-elementor-id=\"1598\" class=\"elementor elementor-1598\">\n\t\t\t\t\t\t<div class=\"elementor-inner\">\n\t\t\t\t<div class=\"elementor-section-wrap\">\n\t\t\t\t\t\t\t\t\t<section class=\"elementor-section elementor-top-section elementor-element elementor-element-1a93262 elementor-section-stretched elementor-section-boxed elementor-section-height-default elementor-section-height-default\" data-id=\"1a93262\" data-element_type=\"section\" data-settings=\"{&quot;stretch_section&quot;:&quot;section-stretched&quot;}\">\n\t\t\t\t\t\t<div class=\"elementor-container elementor-column-gap-no\">\n\t\t\t\t\t\t\t<div class=\"elementor-row\">\n\t\t\t\t\t<div class=\"elementor-column elementor-col-50 elementor-top-column elementor-element elementor-element-9c27cb7\" data-id=\"9c27cb7\" data-element_type=\"column\">\n\t\t\t<div class=\"elementor-column-wrap elementor-element-populated\">\n\t\t\t\t\t\t\t<div class=\"elementor-widget-wrap\">\n\t\t\t\t\t\t<div class=\"elementor-element elementor-element-1ac12f1 elementor-widget elementor-widget-text-editor\" data-id=\"1ac12f1\" data-element_type=\"widget\" data-widget_type=\"text-editor.default\">\n\t\t\t\t<div class=\"elementor-widget-container\">\n\t\t\t        <div class=\"elementor-text-editor elementor-clearfix\"><table class=\"table\" style=\"margin: 0px; padding: 0px;\"><tbody><tr><th scope=\"row\">Direcci\u00f3n:<\/th><td>Calle de Diego 481 Esquina San Felipe, San Juan, PR 00976<\/td><\/tr><tr><th scope=\"row\">Tel\u00e9fono:<\/th><td>+1 (787) 764-1812<\/td><\/tr><tr><th scope=\"row\">E-mail:<\/th><td><a href=\"mailto:permaceram@gmail.com\">permaceram@gmail.com<\/a><\/td><\/tr><tr><th scope=\"row\">Horario de Servicio:<\/th><td>Lunes a S\u00e1bado 8:00 AM &#8211; 4:00 PM<\/td><\/tr><\/tbody><\/table><\/div>\n        \t\t<\/div>\n\t\t\t\t<\/div>\n\t\t\t\t<div class=\"elementor-element elementor-element-add7bfe elementor-widget elementor-widget-google_maps\" data-id=\"add7bfe\" data-element_type=\"widget\" data-widget_type=\"google_maps.default\">\n\t\t\t\t<div class=\"elementor-widget-container\">\n\t\t\t\t\t<div class=\"elementor-custom-embed\">\n\t\t\t<iframe loading=\"lazy\"\n\t\t\t\t\tsrc=\"https:\/\/maps.google.com\/maps?q=Perma%20Ceram%20P.R%2C%20Calle%20San%20Felipe%2C%20San%20Juan%2C%20Puerto%20Rico&#038;t=m&#038;z=20&#038;output=embed&#038;iwloc=near\"\n\t\t\t\t\ttitle=\"Perma Ceram P.R, Calle San Felipe, San Juan, Puerto Rico\"\n\t\t\t\t\taria-label=\"Perma Ceram P.R, Calle San Felipe, San Juan, Puerto Rico\"\n\t\t\t><\/iframe>\n\t\t<\/div>\n\t\t\t\t<\/div>\n\t\t\t\t<\/div>\n\t\t\t\t\t\t<\/div>\n\t\t\t\t\t<\/div>\n\t\t<\/div>\n\t\t\t\t<div class=\"elementor-column elementor-col-50 elementor-top-column elementor-element elementor-element-947969b\" data-id=\"947969b\" data-element_type=\"column\">\n\t\t\t<div class=\"elementor-column-wrap elementor-element-populated\">\n\t\t\t\t\t\t\t<div class=\"elementor-widget-wrap\">\n\t\t\t\t\t\t<div class=\"elementor-element elementor-element-fa74580 elementor-widget elementor-widget-heading\" data-id=\"fa74580\" data-element_type=\"widget\" data-widget_type=\"heading.default\">\n\t\t\t\t<div class=\"elementor-widget-container\">\n\t\t\t<div class=\"elementor-heading-wrapper\" ><div class=\"elementor-heading-wrapper-inner\"><h2 class=\"elementor-heading-title elementor-size-default\">Solicite una Cotizaci\u00f3n Aqu\u00ed<\/h2><\/div><\/div>\t\t<\/div>\n\t\t\t\t<\/div>\n\t\t\t\t<div class=\"elementor-element elementor-element-238ed41 elementor-widget elementor-widget-text-editor\" data-id=\"238ed41\" data-element_type=\"widget\" data-widget_type=\"text-editor.default\">\n\t\t\t\t<div class=\"elementor-widget-container\">\n\t\t\t        <div class=\"elementor-text-editor elementor-clearfix\">Cambiar su ba\u00f1era podr\u00eda costarle miles de d\u00f3lares, rest\u00e1urela como nueva en PermaCeram.<\/div>\n        \t\t<\/div>\n\t\t\t\t<\/div>\n\t\t\t\t<div class=\"elementor-element elementor-element-9b45582 elementor-widget elementor-widget-html\" data-id=\"9b45582\" data-element_type=\"widget\" data-widget_type=\"html.default\">\n\t\t\t\t<div class=\"elementor-widget-container\">\n\t\t\t<script type=\"text\/javascript\" src=\"https:\/\/form.jotform.com\/jsform\/202505651218650\"><\/script>\t\t<\/div>\n\t\t\t\t<\/div>\n\t\t\t\t\t\t<\/div>\n\t\t\t\t\t<\/div>\n\t\t<\/div>\n\t\t\t\t\t\t\t\t<\/div>\n\t\t\t\t\t<\/div>\n\t\t<\/section>\n\t\t\t\t\t\t\t\t\t<\/div>\n\t\t\t<\/div>\n\t\t\t\t\t<\/div>\n\t\t","protected":false},"excerpt":{"rendered":"<p>Direcci\u00f3n: Calle de Diego 481 Esquina San Felipe, San Juan, PR 00976 Tel\u00e9fono: +1 (787) 764-1812 E-mail: permaceram@gmail.com Horario de Servicio: Lunes a S\u00e1bado 8:00 AM &#8211; 4:00 PM Solicite una Cotizaci\u00f3n Aqu\u00ed Cambiar su ba\u00f1era podr\u00eda costarle miles de d\u00f3lares, rest\u00e1urela como nueva en PermaCeram.<\/p>\n","protected":false},"author":1,"featured_media":2954,"parent":0,"menu_order":0,"comment_status":"closed","ping_status":"closed","template":"page-elementor.php","meta":{"inline_featured_image":false},"_links":{"self":[{"href":"https:\/\/permacerampr.com\/index.php\/wp-json\/wp\/v2\/pages\/1598"}],"collection":[{"href":"https:\/\/permacerampr.com\/index.php\/wp-json\/wp\/v2\/pages"}],"about":[{"href":"https:\/\/permacerampr.com\/index.php\/wp-json\/wp\/v2\/types\/page"}],"author":[{"embeddable":true,"href":"https:\/\/permacerampr.com\/index.php\/wp-json\/wp\/v2\/users\/1"}],"replies":[{"embeddable":true,"href":"https:\/\/permacerampr.com\/index.php\/wp-json\/wp\/v2\/comments?post=1598"}],"version-history":[{"count":12,"href":"https:\/\/permacerampr.com\/index.php\/wp-json\/wp\/v2\/pages\/1598\/revisions"}],"predecessor-version":[{"id":3195,"href":"https:\/\/permacerampr.com\/index.php\/wp-json\/wp\/v2\/pages\/1598\/revisions\/3195"}],"wp:featuredmedia":[{"embeddable":true,"href":"https:\/\/permacerampr.com\/index.php\/wp-json\/wp\/v2\/media\/2954"}],"wp:attachment":[{"href":"https:\/\/permacerampr.com\/index.php\/wp-json\/wp\/v2\/media?parent=1598"}],"curies":[{"name":"wp","href":"https:\/\/api.w.org\/{rel}","templated":true}]}}